 is the greatest common factor of m and u?
17
Let b(c) = 76*c + 34. Let i be b(4). Calculate the greatest common factor of i and 832.
26
Let t = 0 + 1. Let w = 2 + t. Suppose 35*m - j + 39 = 36*m, 0 = 15*m + 3*j - 441. What is the highest common divisor of m and w?
3
Let t = 43 - 32. Let x(w) = w + 23. Let v be x(0). Let m = v + 32. Calculate the highest common factor of t and m.
11
Suppose -4*b = -89 - 151. Let j be 185 + (7277/1045 - 4/(-110)). What is the highest common factor of b and j?
12
Let s(d) = -19*d**3 - 3*d - 2. Let h be s(-1). Suppose -4*l = -5*a + 17, 3*a - 7*l = -12*l + 25. Calculate the highest common divisor of h and a.
5
Let m = 2791 + -2511. What is the highest common factor of 392 and m?
56
Suppose 19*j - 51480 = 102188 + 54876. What is the greatest common divisor of j and 448?
224
Let h be (3 + -15)*-5*1/3. Let x = 623 + -615. Calculate the highest common divisor of h and x.
4
Suppose 9*g = 11*g - 8. Suppose -4 = -2*v - x + 48, 8 = -g*x. Calculate the greatest common factor of 216 and v.
27
Let l = -573 + 5088. What is the highest common divisor of 315 and l?
105
Let i be (5 + -2)*((-98)/3 - 4). Let x = -99 - i. What is the highest common divisor of 3 and x?
1
Let a(p) be the second derivative of -p**5/20 + p**4/12 + p**3/6 + 78*p**2 - 3*p + 20. Let r be a(0). Calculate the highest common factor of 12 and r.
12
Let j = 815 - 647. Let a = 265 - 193. What is the greatest common factor of a and j?
24
Let z = -68 - -122. Let f = -51 + z. Suppose t = 2*a + 24, 0 = -f*t + t + a + 36. What is the highest common divisor of 4 and t?
4
Suppose 0 = -4*d - 0*p + 3*p + 11, 4*p + 8 = 2*d. Suppose 3*j - d*j = 4. Let v be (-4 + 184)/(6/j). What is the greatest common divisor of v and 24?
24
Suppose -2*g + 88 = t, 7*t - 5*g = 2*t + 440. Let x = -277971 - -278011. What is the greatest common factor of x and t?
8
Suppose 2*m - 24 = -2*a, -4*m + 110 = -3*a + 76. Calculate the highest common factor of 2890 and m.
10
Suppose -17*o - 311 = -18*o - 4*b, 3*b + 255 = o. What is the highest common divisor of 10509 and o?
93
Let i(o) = o**3 + 7*o**2 + 4*o. Let t be i(-6). Let y = -1385 + 1463. Suppose 11*x = -15*x + y. Calculate the greatest common factor of x and t.
3
Suppose 33 = 6*k - 27. Let i = k - 4. Suppose -4*z - f = -6*f - 216, -5*f + 216 = 4*z. Calculate the highest common divisor of z and i.
6
Suppose 0 = 4*b - 5*i - 1300, -9*b + 8*b + 3*i = -325. Calculate the highest common divisor of b and 52.
13
Suppose 5*j + 16 = 76. Suppose 0 = j*r - 8*r + 68. Let l = r - -107. What is the greatest common factor of 15 and l?
15
Let s = -9579 + 9636. Calculate the highest common factor of s and 114.
57
Let j(n) = n**3 - 8*n**2 - 2*n + 139. Let y be j(9). What is the highest common factor of 2525 and y?
101
Let o(i) = 7*i + 5. Let u be o(5). Let v be (-18)/15*(-100)/30. Suppose -v*t - u = -328. What is the greatest common divisor of 9 and t?
9
Let z = 40656 - 40128. Calculate the highest common factor of z and 8844.
132
Let r be (3084 - 2) + (-5 - 6). What is the highest common divisor of r and 249?
83
Let d be (3 - (-28)/(-12))/((-2)/(-6)). Let a be (d*-1)/(28/938). Let w = 24 - a. What is the greatest common factor of w and 13?
13
Suppose -75 = -0*k - 5*k. Suppose 8 = -4*r, -5*r = -0*s + 5*s - k. Let a be (-2288)/(-65) + 12/(-60). Calculate the highest common factor of a and s.
5
Suppose -5*n + 40 = -5*x, -2*n + 10 = n + 4*x. Let y(f) = 5*f**3 - 44*f**2 - 5*f - 30. Let g be y(9). Calculate the highest common factor of n and g.
6
Let w be (-24)/6*((-6)/2 - -5). Let p be -4 + 12*(w/12 + 2). Calculate the greatest common factor of 156 and p.
12
Let f = -1588 + 665. Let k = 1350 + f. Calculate the greatest common divisor of k and 183.
61
Suppose 2*o = l - 55, -4*o + 181 = 5*l - 52. Calculate the highest common factor of 27293 and l.
49
Let w = 43716 - 20813. What is the greatest common divisor of 37 and w?
37
Let v(i) = i**2 - 40. Let l be v(-6). Let q be (10/l)/(35/(-28)). Calculate the greatest common factor of 1 and q.
1
Let z be (14*(-5)/(-20) + -2)/(5/180). What is the greatest common factor of 6786 and z?
18
Suppose 0 = -2*a - 22*a + 4032. Let z = a - 164. What is the greatest common divisor of z and 32?
4
Let f be (5/(-3))/(635/(-1524)). Calculate the greatest common divisor of f and 7148.
4
Let c be ((-51)/85)/(2/(-70)). Let w = 2 + -2. Suppose -4*n + 56 = -w*n. What is the highest common factor of n and c?
7
Suppose -2 + 25 = 7*q - 40. What is the highest common divisor of 15858 and q?
9
Suppose 4*k - 25*w + 20*w = 339, 5*k - 399 = -2*w. Suppose 3*b + 22 = -179. Let j = -40 - b. What is the greatest common divisor of j and k?
27
Suppose 10*y + 135380 = 2*y + 22*y. Calculate the highest common divisor of 10 and y.
10
Let t be 1 + (1340/5 - -4). Let c be (-321)/(-15) - (-6)/(-15). Calculate the highest common divisor of t and c.
21
Let m = 238 + 346. What is the greatest common factor of 216 and m?
8
Let z = 1569 + -1087. Let d = z - 183. Calculate the greatest common factor of d and 23.
23
Let y = 29205 + -29119. Suppose 614 + 31 = 3*m. Calculate the highest common divisor of m and y.
43
Let p be 9 - (-2 + -1 - -2). Suppose -5*w + 280 = 4*m, 3*m - 4*w - 302 + 123 = 0. Let u = 145 - m. What is the highest common factor of p and u?
10
Suppose -m - 19*m = -1452 + 1332. Calculate the highest common divisor of m and 6642.
6
Suppose -4*r + 0*r + 1008 = 0. Let k = -220 + r. Calculate the highest common factor of 48 and k.
16
Suppose 0 = -2*y + 5 - 3. Let b be (55/22)/(y/(-6)). Let r = b - -32. What is the greatest common divisor of r and 68?
17
Suppose 7728 + 17716 = 61*r - 22197. What is the highest common factor of 213 and r?
71
Let u be (-27)/(-18)*(1 + 25). Suppose u = z - 2*s - 38, -4*z = 4*s - 296. What is the greatest common factor of z and 200?
25
Let u(v) = 26*v**2 - 54*v - 176. Let l be u(7). What is the greatest common divisor of 750 and l?
30
Let v(d) = d**3 - 82*d**2 - 624*d + 133. Let l be v(89). What is the greatest common divisor of l and 17578?
22
Let g(t) = -t**3 + 2*t**2 - t - 1. Let j be g(0). Let u be ((-231)/132)/(j/124). What is the highest common factor of 7 and u?
7
Let w(b) = -147*b - 33. Let v be 81/27*(-5)/3. Let u be w(v). Calculate the highest common divisor of u and 54.
54
Suppose 0 = -2*l + 6, -5*u = -0*l + 5*l - 3370. Calculate the highest common factor of u and 244.
61
Let z be -11*24/(-18)*6. Let g = z - 62. What is the greatest common divisor of g and 39?
13
Suppose 529 = 4*n - 363. Suppose -a + n = p + 50, 0 = -p + 5. Suppose 6*g + 5*o - 12 = 5*g, 0 = 4*o. What is the greatest common factor of a and g?
12
Let p be ((-550)/165)/((-20)/12). Suppose -2*v + 4 + 0 = 0. What is the greatest common factor of p and v?
2
Let a = 6506 + -6328. Calculate the highest common factor of a and 8.
2
Suppose -26*u + 95005 = -32628 - 39209. What is the greatest common divisor of 372 and u?
93
Let v(m) = -m**3 - 13*m**2 - 18*m - 6. Let r be v(-12). Suppose -2*f + r = 48. Let q = -90 - -162. What is the greatest common factor of q and f?
9
Suppose -2*z = -2, 3*y + 5*z - 2288 = -0*y. Let v = 1168 - y. Calculate the greatest common factor of v and 74.
37
Suppose 94*g = 70*g + 13800. Calculate the greatest common divisor of 75 and g.
25
Let u = 4408 - -1814. What is the greatest common divisor of 306 and u?
102
Let t(s) = 3*s**3 - 11*s**2 - 17*s + 43. Let o be t(11). Suppose -5*i = -g + 549, 3*g + 2*i + 939 = o. Calculate the highest common divisor of g and 23.
23
Suppose -35*o - 47*o + 58650 = 3*o. Calculate the highest common factor of o and 40.
10
Let w(t) = 3*t - 3. Let i be w(3). Let n be (91 + -77)/((-1)/(-46)). Let j = 662 - n. What is the highest common factor of i and j?
6
Let t be (17 + (-16 - 0))*(2 + 891). What is the highest common divisor of t and 38?
19
Let t = 3018 + -2754. Calculate the greatest common factor of 231 and t.
33
Let f(o) = o**3 + 5*o**2 - o. Let m be f(-5). Let h(k) = 3*k**2 - 9*k - 8. Let u be h(-1). Let w = u + m. What is the highest common factor of 45 and w?
9
Let g(f) = -23*f - 23*f**2 - 21 + 16*f**2 + 11 + f**3. Let v be g(10). What is the greatest common divisor of v and 225?
15
Suppose -3*i = 2*y + 2527, -5*i = -5*y + 3834 + 411. Let b = 849 + i. Calculate the greatest common divisor of 98 and b.